ctor of 40 and 8489720.
40
What is the highest common factor of 6786010 and 19250?
770
Calculate the highest common divisor of 906338 and 39330.
874
What is the highest common factor of 38822492 and 68?
68
What is the greatest common divisor of 21664 and 475254?
1354
Calculate the greatest common divisor of 3440 and 1026400.
80
What is the greatest common factor of 468 and 208855764?
468
Calculate the highest common divisor of 79908 and 898068.
12
Calculate the highest common divisor of 18866 and 6658.
2
Calculate the greatest common factor of 11380964 and 267.
89
Calculate the greatest common divisor of 275839 and 2044907.
1541
Calculate the greatest common factor of 6050 and 36982.
22
What is the greatest common factor of 1160 and 2086405?
145
Calculate the highest common factor of 90 and 7927605.
45
What is the greatest common divisor of 545666253 and 4059?
1353
What is the greatest common divisor of 167401 and 713765?
1027
Calculate the greatest common divisor of 363 and 2159124.
363
What is the greatest common factor of 601 and 35373057?
601
What is the highest common divisor of 48 and 8384028?
12
What is the greatest common factor of 108820 and 50230?
10
What is the greatest common divisor of 4050290 and 370?
10
What is the highest common divisor of 12 and 296872656?
12
What is the highest common factor of 482 and 47493629?
241
What is the highest common divisor of 875 and 11783275?
175
What is the greatest common factor of 814896 and 1392?
48
Calculate the highest common factor of 369117 and 6076.
1519
What is the greatest common divisor of 1136865 and 1995?
285
Calculate the highest common factor of 201 and 3136407.
3
What is the greatest common factor of 63 and 542939187?
21
Calculate the highest common divisor of 8321 and 1188961.
157
What is the greatest common divisor of 70272013 and 266?
133
What is the highest common factor of 2580 and 171501630?
1290
Calculate the greatest common factor of 14712439 and 10899.
1211
Calculate the greatest common factor of 9424 and 62574182.
1178
What is the highest common factor of 308 and 8710086?
154
Calculate the highest common divisor of 4247984 and 4732.
676
Calculate the highest common factor of 63496914 and 234.
78
What is the greatest common factor of 821488 and 16?
16
Calculate the greatest common factor of 8832 and 889272.
552
Calculate the greatest common factor of 41007250 and 250.
250
Calculate the highest common factor of 9 and 286466868.
9
What is the greatest common divisor of 89655126 and 33?
33
What is the greatest common factor of 78525370 and 4840?
1210
Calculate the greatest common divisor of 2714734305 and 24078.
12039
What is the greatest common divisor of 98824 and 43912?
88
What is the greatest common factor of 2991104 and 131072?
1024
What is the highest common divisor of 24813504 and 2392?
184
What is the highest common divisor of 150 and 29328870?
30
Calculate the greatest common divisor of 20984 and 1595816.
344
Calculate the greatest common divisor of 10939184 and 16.
16
What is the highest common factor of 383154 and 70623?
57
Calculate the greatest common factor of 157666 and 155123.
2543
What is the highest common divisor of 6445 and 776752689?
1289
Calculate the highest common factor of 183197 and 525.
7
Calculate the highest common factor of 150 and 185492350.
50
Calculate the highest common factor of 86876698 and 34.
34
Calculate the highest common factor of 679 and 6536151.
97
What is the highest common divisor of 50742667 and 122?
61
Calculate the highest common factor of 5017480 and 3653.
13
Calculate the highest common factor of 3 and 3126897.
3
What is the highest common factor of 1884078 and 26334?
2394
Calculate the highest common factor of 4395037 and 116.
29
What is the highest common divisor of 156416 and 5230784?
832
Calculate the greatest common divisor of 525 and 10744839.
21
What is the greatest common divisor of 66 and 2500227906?
66
What is the highest common factor of 823860 and 242160?
60
Calculate the highest common divisor of 3864 and 499652.
92
Calculate the greatest common divisor of 23094 and 7999505.
1283
Calculate the highest common factor of 240128 and 17738.
14
Calculate the highest common divisor of 564 and 30879000.
564
What is the greatest common factor of 396 and 1885136?
44
Calculate the greatest common divisor of 1658592 and 318240.
3744
Calculate the greatest common divisor of 53619 and 5673.
183
Calculate the greatest common divisor of 46931376 and 6507.
723
What is the greatest common divisor of 27837112 and 568?
568
Calculate the highest common divisor of 3160 and 3305755.
395
What is the greatest common factor of 7276810 and 418?
38
Calculate the highest common factor of 477916 and 79164.
2932
What is the highest common factor of 2480 and 65909968?
496
Calculate the highest common divisor of 5 and 5168335.
5
What is the highest common factor of 10062358 and 4252?
2126
Calculate the highest common factor of 73255 and 2795.
65
What is the greatest common divisor of 60782388 and 84?
12
What is the greatest common factor of 1494451036 and 3796?
3796
Calculate the highest common factor of 8 and 84857128.
8
What is the greatest common divisor of 78313492 and 172?
172
Calculate the highest common divisor of 32136104 and 598.
26
Calculate the highest common divisor of 7416138 and 68862.
2994
Calculate the greatest common divisor of 7592 and 88184.
584
Calculate the greatest common factor of 4022 and 22969642.
4022
Calculate the highest common divisor of 12288 and 56096.
32
What is the highest common divisor of 270584 and 446509?
227
What is the highest common divisor of 1023132 and 16284?
276
What is the greatest common factor of 129412 and 208?
4
Calculate the greatest common factor of 136 and 205316123.
17
What is the greatest common divisor of 34271 and 36722?
43
Calculate the greatest common divisor of 1052 and 40149580.
1052
Calculate the greatest common factor of 7580791 and 532.
19
Calculate the highest common divisor of 11165 and 51609096.
2233
What is the highest common divisor of 786 and 411443752?
262
What is the greatest common divisor of 5766090 and 20301?
303
What is the highest common divisor of 351024 and 364656?
3408
Calculate the greatest common factor of 10393285 and 57.
19
Calculate the highest common factor of 87916 and 83917.
31
What is the highest common divisor of 160152 and 568?
8
Calculate the highest common factor of 219342907 and 287.
287
Calculate the highest common factor of 275602 and 14875786.
6722
Calculate the greatest common divisor of 14 and 664106.
2
What is the greatest common factor of 4056496 and 208?
16
What is the highest common factor of 234278 and 34364?
22
Calculate the greatest common factor of 299030 and 3230.
170
What is the highest common factor of 11020 and 15178397?
551
What is the highest common divisor of 62649 and 174753?
9
Calculate the greatest common factor of 1724378 and 34.
34
What is the highest common divisor of 3256773 and 19097?
1469
What is the greatest common factor of 5629336 and 16463?
101
Calculate the highest common factor of 255440 and 5139800.
1240
Calculate the highest common divisor of 28565456 and 64.
16
Calculate the greatest common divisor of 10461 and 1575807.
951
What is the greatest common factor of 214450 and 40500?
50
Calculate the greatest common divisor of 5053074 and 663.
39
What is the highest common divisor of 225773 and 37281677?
7283
Calculate the greatest common divisor of 13782 and 69.
3
What is the greatest common factor of 760 and 171965200?
760
Calculate the greatest common divisor of 8 and 866606.
2
What is the greatest common factor of 58080 and 92360752?
1936
What is the greatest common factor of 737430 and 121260?
1410
What is the greatest common divisor of 8695 and 4853549?
1739
What is the greatest common divisor of 132512 and 9266?
82
Calculate the greatest common divisor of 187 and 107092469.
187
Calculate the highest common factor of 278016 and 36.
12
Calculate the highest common divisor of 1277850 and 18900.
1050
Calculate the highest common divisor of 4112 and 146758822.
514
What is the highest common factor of 21888 and 2184576?
384
Calculate the greatest common factor of 1017 and 122841.
9
What is the greatest common diviso